at is the remainder when k is divided by v?
11
Let h(q) = 5*q + 82. Suppose -o + 12*o = 0. What is the remainder when h(o) is divided by 28?
26
Suppose 0 = -4*g + 2*g + 18. Suppose -5*o + 2*m + 592 = -0*m, 0 = 2*o + 3*m - 252. Suppose -8*z + 3*z = -o. What is the remainder when z is divided by g?
6
Suppose 387 - 78 = 3*y. Let q = y - 51. Calculate the remainder when q is divided by 18.
16
Let v be (-30)/40 - (-21)/(-4). Let a(n) = n**3 + 5*n**2 - 8*n. What is the remainder when 35 is divided by a(v)?
11
Let m = 64 + -65. Let o(a) = 14*a**2 + 3*a + 1. Calculate the remainder when 163/5 + (-2)/(-5) is divided by o(m).
9
Let s(f) = f**2 + 3*f - 3. Let d(b) = 9*b**2 - 61*b + 175. What is the remainder when d(3) is divided by s(-7)?
23
Let c = 6 + -4. Let z(l) = 2*l + 9. Let n(h) = -2*h**2 - 3*h - 15. Let m(w) = -3*n(w) - 5*z(w). What is the remainder when 85 is divided by m(c)?
19
Let p(h) = 2*h**2 + 3*h - 4. Let n be p(-3). Suppose 0*k = -5*v + 2*k + 198, n*k - 5 = 0. Let l = -9 + v. What is the remainder when l is divided by 8?
7
Let n(d) = 6*d**2 + d - 2. Let c(h) = h - 6. Let o be c(0). Let u(b) = -4*b + 7. Calculate the remainder when n(-4) is divided by u(o).
28
Let o = -67 + 57. Suppose 2*w + 14 + 18 = 2*q, -20 = -3*q - 4*w. Calculate the remainder when 710/(-15)*15/o is divided by q.
11
Let m = 414 + -406. What is the remainder when 54 is divided by m?
6
Let f(b) = b**2 + 4*b. Let i be f(-4). Suppose -p + 6*p - 130 = i. Calculate the remainder when 74 is divided by p.
22
Suppose 12*y = 21*y - 81. Calculate the remainder when 59 is divided by y.
5
What is the remainder when 14/2*3417/357 is divided by 18?
13
Let k = -5 + 7. Suppose k*t - 28 = -16. Calculate the remainder when 53 is divided by t.
5
Let i = 126 - 0. Let z = 148 + i. Suppose 4*r - z - 134 = 3*u, -5*u = -3*r + 306. Calculate the remainder when r is divided by 26.
24
Suppose -180 = 15*h - 51*h. What is the remainder when 204 is divided by h?
4
Let o(w) = -2*w + 14. Calculate the remainder when o(-6) is divided by (225/25)/(2 + -2 + 1).
8
Let r = 37 - -12. What is the remainder when r is divided by (-2)/1*7/28*-34?
15
Suppose 4*j + 2 = 38. Suppose -4*g = -3*g + 59. Let b = 64 + g. What is the remainder when j is divided by b?
4
What is the remainder when (1/(-2))/((-3)/30) - -152 is divided by 106?
51
Let i(x) = -x. Suppose -3*l + 9*l = -18. What is the remainder when 26 is divided by i(l)?
2
Suppose -2*y + 81 - 229 = 0. Let k = y - -118. Suppose 12 - k = -r. What is the remainder when r is divided by 11?
10
Suppose -33*f - 316 = -1174. Let z be (-2)/1 - (4 - 11). Suppose -5*j = z*s - 380, 66 = s + 4*j - 10. What is the remainder when s is divided by f?
24
Let s be -2 - (2 + (-36 - -2)). Suppose -s = -4*x + 3*x. Suppose 0 = -3*w + 48 + 126. Calculate the remainder when w is divided by x.
28
Let i(z) = z**2 - 9*z - 5. Let j be i(9). Let t(b) = b + 5. Let f be t(j). Suppose f = -0*y + y - 37. Calculate the remainder when y is divided by 13.
11
Suppose -40 = -i - 3*t, 13*i + t = 17*i - 225. Calculate the remainder when i is divided by 8.
7
Let k = 19 + -17. Suppose 0 = -4*h - m + 14, -7*m + k*m + 16 = 2*h. What is the remainder when 10 is divided by h?
1
Let o = 32 + -44. What is the remainder when 52 is divided by (-6)/(-9)*o/16*-54?
25
Suppose -2*s = 5*z, -3*z = -2*z + 4*s. Let i = 5 - z. Calculate the remainder when i is divided by ((-6)/(-15))/(-1)*(-4 + -1).
1
Calculate the remainder when 638/8 + 0 + (-69)/92 is divided by 44.
35
Let z(j) = 5*j - 14. What is the remainder when 124 is divided by z(25)?
13
Suppose 50 = 3*u - c + 176, 0 = -3*u + 4*c - 126. Let d = u + 62. Suppose 2*s - 8 - d = 0. Calculate the remainder when 52 is divided by s.
10
Let w be 48/(-312) + 2/13. Suppose 26*l - 22*l - 48 = w. Calculate the remainder when (-282)/(-8) + 1/(-4) is divided by l.
11
Suppose 3*n + 71 = -a, -3*a - 10 - 93 = 4*n. Let h = 31 - n. Calculate the remainder when h is divided by 27.
26
Let f = 7 + -2. Suppose 0 = f*d - 134 + 19. What is the remainder when d is divided by (-16 - 0)/((-32)/16)?
7
What is the remainder when (52 + 1 + -7)/(4/2) is divided by 3?
2
Suppose -3*v = -202 + 70. What is the remainder when 261 is divided by v?
41
Suppose -7*w = 204 - 2199. Calculate the remainder when w is divided by 36.
33
Suppose 1473 = 5*j - 2*z, z - 77 = 5*j - 1546. Suppose 7*a - 169 = j. What is the remainder when a is divided by 17?
15
Let a(n) = -n**3 - 10*n**2 - 18*n - 5. Let s be a(-8). Let b = 7 + s. What is the remainder when 69 is divided by b?
15
Let g(i) = 12*i**2 - i - 1. Suppose -d + 6 = 9. What is the remainder when (d + 6)*11 + 1 is divided by g(-1)?
10
Suppose 49*r - 1587 + 19 = 0. What is the remainder when 573 is divided by r?
29
Suppose -4*p + 20 = -24. Let w = -41 - -104. Calculate the remainder when w is divided by p.
8
Let y(f) = -7*f - 1. Let v be y(-3). Suppose 5*w - 3*z - 60 = -8*z, -5*z = -v. Calculate the remainder when (1/(-3))/(3/(-189)) is divided by w.
5
Suppose -4011 = -55*v + 8969. What is the remainder when v is divided by 15?
11
Let c(j) = -j**3 + 12*j**2 - 9*j + 7. Let v be c(11). Suppose -4*a = -47 - v. What is the remainder when 74 is divided by a?
17
Let n(b) = 94*b - 51. Calculate the remainder when 471 is divided by n(1).
41
Let v = -32 + 34. Suppose -3*q - 4*i + 51 = 0, -2*i - 34 = -v*q - i. What is the remainder when 32 is divided by q?
15
What is the remainder when (-3)/3 + 9 + -1 is divided by (8 - 8/4)/2?
1
Calculate the remainder when 95 is divided by 1725/100 + (-5)/4.
15
Suppose -5*o - 82 = -i - 30, 4*o + 3*i = -53. Suppose -n - 18 = -2*n. Let v = n + o. Calculate the remainder when 20 is divided by v.
6
Suppose -164 = 3*h - 8*h - 3*g, 0 = 3*h - 4*g - 110. What is the remainder when 167 is divided by h?
31
Suppose 16 = 4*i, -4*i = -x - i - 10. Suppose x*u + 5*v = 1, -u + 38 = -2*v - 3*v. Let l = -90 + 126. What is the remainder when l is divided by u?
10
Let i = -276 - -283. Let f(w) = -2*w**2 + w**2 + 32 + w - 4*w**3 + 3*w**3. Calculate the remainder when f(0) is divided by i.
4
Suppose u = 12 + 7. Suppose 0 = -0*d + 2*d - 16. Suppose -40 = -d*z + 4*z. What is the remainder when u is divided by z?
9
Let d = 1 - -85. Let b = d + -40. What is the remainder when b is divided by ((-108)/9 - -7)/(10/(-32))?
14
Let g(b) = 2*b**3 - 27*b**2 - 15*b + 41. What is the remainder when 102 is divided by g(14)?
21
Let b = -105 + 152. Suppose f - 3*f = -26. What is the remainder when b is divided by f?
8
Let r be (5/((-20)/(-44)))/(-1). What is the remainder when r/4*-5*4 is divided by 19?
17
Let q(s) be the second derivative of -s**5/20 - s**4/12 + 5*s**2 - 16*s. Calculate the remainder when 39 is divided by q(0).
9
Let w = -1657 + 1695. What is the remainder when 333 is divided by w?
29
Let o be 50/(-4)*12/(-15). Suppose 5*q - 9 = -2*v + o, -4*q + 5*v + 35 = 0. What is the remainder when q is divided by (4/(-6))/(30/(-180))?
1
Let z(a) = 5*a**2 + a + 1. Let v be z(-1). Suppose -v*w + 41 = -0*r - r, w - 6 = -2*r. Calculate the remainder when w is divided by 6.
2
Let w be -15 + 19 + -1 + 12. Let k(i) = -i**3 + 15*i**2 + 2*i - 4. Calculate the remainder when k(w) is divided by 11.
4
Let f(n) = 2*n**2 + 7*n - 9. Calculate the remainder when f(-14) is divided by 41.
39
Let i(w) = 5*w + 16. What is the remainder when i(30) is divided by 8?
6
Let q(d) = d**2 - 9*d + 5. Let b be q(7). Let f = -7 - b. Suppose 5*w - g = g + 62, 0 = f*w - 3*g - 16. Calculate the remainder when 27 is divided by w.
13
Suppose -3*f + 6 = -h + 3, 2*f = -4*h - 26. Let s = h + 15. What is the remainder when 41 is divided by s?
5
Suppose i - 11 = -4. Suppose i*j - 3*j - 108 = 0. Let g = -82 - -188. Calculate the remainder when g is divided by j.
25
Let x = 63 + -37. Let r = -5 - -5. Let h(t) = -t**2 + 10. Calculate the remainder when x is divided by h(r).
6
Calculate the remainder when 241 is divided by (28/2)/((-5)/(1 + -11)).
17
Let r(l) = -3*l**2 + 18*l - 20. Calculate the remainder when 6 is divided by r(4).
2
Let u(c) = 11*c**2 + 12*c + 1. Let h be u(-11). What is the remainder when 63 is divided by h/54 - 10/45?
19
Suppose -6*r - r = -7. What is the remainder when 133 - (3 - r - -1) is divided by 22?
20
Calculate the remainder when (-6)/(-135)*5 + 6872/18 is divided by 32.
30
Let 